lse
Is 124 a factor of 1136745?
False
Is 62126 a multiple of 14?
False
Does 22 divide 81248?
False
Is 31 a factor of 496703?
False
Is 110 a factor of 555751?
False
Is 87 a factor of 55419?
True
Is 470 a factor of 17895544?
False
Is 194 a factor of 952734?
True
Is 603 a factor of 946341?
False
Is 171 a factor of 291384?
True
Is 2 a factor of 171741?
False
Does 25 divide 131700?
True
Does 8 divide 6752159?
False
Is 84 a factor of 2467500?
True
Is 7463884 a multiple of 34?
True
Does 68 divide 71921?
False
Is 5426143 a multiple of 139?
True
Does 181 divide 259750?
False
Is 5146512 a multiple of 714?
True
Is 439 a factor of 1878920?
True
Does 60 divide 125742?
False
Is 12144836 a multiple of 473?
False
Does 175 divide 686857?
False
Is 174188 a multiple of 28?
True
Is 714 a factor of 3263488?
False
Is 53 a factor of 1338833?
True
Is 106112 a multiple of 5?
False
Is 13 a factor of 308568?
True
Is 1188631 a multiple of 113?
False
Is 28 a factor of 23548?
True
Does 71 divide 1496659?
False
Is 3023271 a multiple of 5?
False
Is 513007 a multiple of 11?
True
Does 15 divide 840435?
True
Is 130 a factor of 147420?
True
Is 22 a factor of 2265252?
True
Does 177 divide 1011758?
False
Is 21 a factor of 64136?
False
Is 33922 a multiple of 14?
True
Does 306 divide 637524?
False
Does 10 divide 361331?
False
Is 1429162 a multiple of 14?
True
Is 75 a factor of 149760?
False
Is 87521 a multiple of 41?
False
Does 13 divide 347868?
False
Does 11 divide 1310199?
True
Is 174 a factor of 112926?
True
Is 588273 a multiple of 327?
True
Is 1055385 a multiple of 28?
False
Does 2 divide 62756?
True
Is 15409248 a multiple of 32?
True
Is 144 a factor of 134784?
True
Is 2968 a multiple of 14?
True
Is 134 a factor of 99264?
False
Does 7 divide 112577?
False
Is 37 a factor of 516446?
True
Does 2627 divide 17765598?
False
Is 766 a factor of 1742650?
True
Is 92 a factor of 35161?
False
Is 22 a factor of 3478706?
True
Is 11 a factor of 1572760?
False
Is 338 a factor of 768374?
False
Is 1649081 a multiple of 27?
False
Is 25 a factor of 6888525?
True
Is 111 a factor of 63492?
True
Does 664 divide 396614?
False
Does 104 divide 1374361?
False
Is 19 a factor of 78432?
True
Does 381 divide 16478631?
True
Does 101 divide 310787?
False
Is 27 a factor of 912843?
True
Is 3583986 a multiple of 506?
False
Is 221638 a multiple of 3?
False
Is 4772 a multiple of 17?
False
Does 613 divide 3529041?
True
Does 56 divide 730414?
False
Does 273 divide 3473530?
False
Does 7 divide 504806?
False
Is 177826 a multiple of 22?
True
Does 183 divide 105866?
False
Does 110 divide 9871070?
True
Does 331 divide 6646811?
True
Is 299 a factor of 1177462?
True
Does 15 divide 152895?
True
Is 105 a multiple of 21?
True
Is 399 a factor of 326001?
False
Is 2907270 a multiple of 29?
False
Is 239590 a multiple of 95?
True
Does 6 divide 1298285?
False
Does 4 divide 66484?
True
Does 57 divide 2713485?
True
Is 202 a factor of 4943142?
True
Is 161633 a multiple of 6?
False
Does 171 divide 47183?
False
Does 179 divide 72067?
False
Is 6 a factor of 51628?
False
Is 365959 a multiple of 67?
False
Is 203518 a multiple of 219?
False
Is 9005262 a multiple of 6?
True
Is 66525 a multiple of 15?
True
Is 3980460 a multiple of 13?
False
Is 430950 a multiple of 150?
True
Does 28 divide 69918?
False
Is 31 a factor of 657014?
True
Does 24 divide 25733?
False
Does 10 divide 11842589?
False
Is 3 a factor of 339297?
True
Does 69 divide 703423?
False
Does 1665 divide 11018195?
False
Does 2 divide 37635?
False
Is 36 a factor of 69976?
False
Is 15 a factor of 2690?
False
Is 64575 a multiple of 46?
False
Is 59 a factor of 389223?
True
Is 9 a factor of 5301738?
True
Does 34 divide 2122790?
True
Is 41 a factor of 3179673?
True
Does 44 divide 2273052?
False
Does 158 divide 51350?
True
Is 140 a factor of 168560?
True
Is 67650 a multiple of 50?
True
Is 378619 a multiple of 67?
False
Is 142096 a multiple of 390?
False
Does 97 divide 622041?
False
Does 10 divide 9004?
False
Does 38 divide 3363654?
False
Is 147448 a multiple of 8?
True
Is 48340 a multiple of 10?
True
Is 179803 a multiple of 28?
False
Does 806 divide 137007?
False
Does 15 divide 1273815?
True
Is 8489953 a multiple of 493?
True
Does 14 divide 450891?
False
Is 30 a factor of 310589?
False
Is 3256644 a multiple of 404?
True
Is 20 a factor of 262640?
True
Does 248 divide 5050628?
False
Is 431 a factor of 21550?
True
Is 36 a factor of 12492?
True
Is 4151205 a multiple of 413?
False
Is 54 a factor of 158382?
True
Is 16 a factor of 46496?
True
Does 100 divide 150086?
False
Does 82 divide 51332?
True
Does 12 divide 4022928?
True
Is 204120 a multiple of 378?
True
Is 46748 a multiple of 9?
False
Is 61 a factor of 2307236?
False
Does 156 divide 191568?
True
Is 124 a factor of 274660?
True
Is 153 a factor of 7111074?
False
Is 25 a factor of 727405?
False
Is 45 a factor of 251899?
False
Is 37081 a multiple of 39?
False
Is 24988 a multiple of 87?
False
Does 357 divide 277678?
False
Is 2101892 a multiple of 236?
False
Is 17 a factor of 87499?
True
Is 645568 a multiple of 524?
True
Is 11 a factor of 47106?
False
Does 241 divide 741798?
True
Is 937 a factor of 2152289?
True
Is 162 a factor of 610578?
True
Is 10296 a multiple of 18?
True
Is 49 a factor of 8778840?
True
Does 64 divide 214827?
False
Is 64 a factor of 187274?
False
Is 9 a factor of 51944?
False
Is 10657530 a multiple of 1379?
False
Does 434 divide 673817?
False
Does 29 divide 376801?
False
Is 34 a factor of 297941?
False
Is 15318 a multiple of 111?
True
Does 211 divide 159938?
True
Does 10 divide 169240?
True
Does 228 divide 3496813?
False
Does 88 divide 58526?
False
Is 38 a factor of 23560?
True
Is 1070846 a multiple of 446?
True
Does 2 divide 9577?
False
Does 453 divide 1600013?
False
Does 69 divide 352280?
False
Is 2 a factor of 473607?
False
Does 43 divide 304880?
False
Is 331 a factor of 156894?
True
Is 12 a factor of 644029?
False
Is 200584 a multiple of 8?
True
Is 325 a factor of 372125?
True
Is 3 a factor of 1362475?
False
Is 161375 a multiple of 58?
False
Does 10 divide 6102525?
False
Is 112606 a multiple of 2?
True
Is 3285429 a multiple of 303?
True
Is 12 a factor of 184677?
False
Does 941 divide 2798534?
True
Is 4620420 a multiple of 63?
True
Is 180202 a multiple of 64?
False
Is 362297 a multiple of 24?
False
Is 264 a factor of 1057848?
True
Is 19 a factor of 5793942?
False
Does 29 divide 126575?
False
Does 2 divide 406529?
False
Does 24 divide 65664?
True
Is 7 a factor of 995328?
False
Is 474810 a multiple of 35?
True
Is 2563584 a multiple of 6?
True
Is 904 a factor of 6976036?
False
Does 167 divide 677513?
False
Is 311 a factor of 304380?
False
Is 224244 a multiple of 9?
True
Is 5264241 a multiple of 643?
True
Is 724937 a multiple of 77?
False
Does 158 divide 7711348?
True
Is 11 a factor of 778668?
True
Is 24 a factor of 147849?
False
Is 20 a factor of 4776717?
False
Is 1088 a factor of 7216704?
True
Is 1161898 a multiple of 60?
False
Does 415 divide 1064472?
False
Is 3 a factor of 279933?
True
Is 1023568 a multiple of 34?
False
Is 36 a factor of 1621095?
False
Is 45 a factor of 896850?
True
Is 6121050 a multiple of 219?
True
Is 471 a factor of 6123?
True
Does 62 divide 37634?
True
Does 132 divide 3213130?
False
Is 8807561 a multiple of 1247?
True
Is 327936 a multiple of 32?
True
Is 24381 a multiple of 109?
False
Is 109 a factor of 1479576?
False
Does 6 divide 2146010?
False
Does 15 divide 3970710?
True
Is 17 a factor of 2520301?
True
Is 37 a factor of 52729?
False
Is 5 a factor of 38776?
False
Does 8 divide 2106904?
True
Is 147042 a multiple of 22?
False
Does 10 divide 237360?
True
Is 2713203 a multiple of 951?
True
Is 257144 a multiple of 137?
False
Does 362 divide 501802?
False
Does 55 divide 12669648?
False
Is 2 a factor of 4049530?
True
Is 17 a factor of 55527?
False
Does 21 divide 8680287?
True
Does 7 divide 2226660?
False
Is 258329 a multiple of 30?
False
Is 579842 a multiple of 275?
False
Is 852928 a multiple of 64?
True
Is 9887766 a multiple of 14?
True
Is 166540 a multiple of 4?
True
Does 78 divide 226200?
True
Is 4283780 a multiple of 20?
True
Is 182584 a multiple of 29?
True
Is 82416 a multiple of 48?
True
Does 68 divide 131784?
True
Is 426923 a multiple of 17?
False
Does 10 divide 1230160?
True
Is 48 a factor of 793